ppose 0 = p - s + 21, p + 4*p = 2*s - 114. Let w = p - i. List the prime factors of w.
7
Suppose -6*d = -d + 420. Suppose 2*o = -2*o - 4855 + 5215. Let u = d + o. List the prime factors of u.
2, 3
Suppose -5595 + 37341 = 13*k. What are the prime factors of k?
2, 3, 11, 37
Let z(b) = 2*b + 8. Let a = 46 - 53. Let i be z(a). List the prime factors of (i/8)/3 + 6354/72.
2, 11
Suppose 0 = 15*y - 12 - 22 - 26. Let o(z) = -z**3 - 2*z**2 - 3*z. Let a be o(-2). Suppose a*c = y*c + 102. What are the prime factors of c?
3, 17
Suppose -h = -2977 - 3757. Suppose h = 66*o - 40*o. What are the prime factors of o?
7, 37
Let y = 3 + -1. Suppose -180*r - 1096 = -181*r. Suppose 686 = 3*k + y*p, -44 = -5*k - 4*p + r. What are the prime factors of k?
2, 29
Let m(s) be the first derivative of s**4/4 - 11*s**3/3 + 7*s**2 - s + 52. What are the prime factors of m(12)?
311
Suppose 73*y + 282728 - 729301 = 1274913. What are the prime factors of y?
2, 13, 907
Suppose -4*l = -2*s - 25660, 420*l + 3*s + 12842 = 422*l. What are the prime factors of l?
2, 7, 229
Let z(d) = -d**2 - 9*d + 3. Let u be z(-9). Suppose 4*f - 16 = 4*m, -2*f = -5*f + 15. List the prime factors of (m - (3 + -160)) + (u - 2).
3, 53
Suppose 4*s + 4 = 0, 201*s = 5*i + 197*s - 138604. What are the prime factors of i?
2, 3, 5, 7, 11
Let j be 109/11 - (-15)/165. Suppose 2*w - 2*h - 694 = 0, -11*h + 6*h + j = 0. List the prime factors of w.
349
Suppose -3*u + 287 = 2*m, 4*u - 21 + 159 = m. Suppose -5*h = 2*a - 186, 3*h - 7*a - 116 = -6*a. What are the prime factors of (-57)/h*m/(-3)?
71
List the prime factors of -9*(-25)/3150 - (-126026)/28.
7, 643
Suppose -8*k = 16 - 56. Let z(o) = 31*o**2 + 1. List the prime factors of z(k).
2, 97
Suppose 39*c = 21*c - 432. List the prime factors of 813 + (1/1)/(-25 - c).
2, 7, 29
Suppose 3*y + 493 = 5*s, 4*s - 3*y - 204 - 188 = 0. Suppose -2285 = -4*l - s. What are the prime factors of l?
2, 3, 7, 13
Let j(g) = 2*g**3 - 4*g**2 - 55*g - 38. What are the prime factors of j(13)?
5, 593
Let b(v) = -5*v - 9. Let y be (-22)/(-88)*2*10. Suppose 4*a + 15 = -2*r - 7, -y*a + 5*r = 5. What are the prime factors of b(a)?
11
Suppose -33210*y + 33187*y + 50462 = 0. List the prime factors of y.
2, 1097
Let i(c) = -c**3 - 10*c**2 - 6*c + 21. Let f be i(-9). Let q be (-1 + 1)*(f - -7). What are the prime factors of 0 + (-1)/((-3)/303 + q)?
101
Let v(y) = -y**2 + 264*y + 26711. What are the prime factors of v(0)?
26711
Let b = -14964 - -37186. What are the prime factors of b?
2, 41, 271
Let u(t) = 92*t**3 - t**2 + 2*t + 9. Suppose 2*r + 4*z = 27 + 1, -4*r + 3*z + 1 = 0. Let m be u(r). List the prime factors of (-1)/(867/m - 2/13).
151
Let u = 4773 + -1967. Suppose -w + 8 - 7 = 0, -5*f - w + u = 0. List the prime factors of f.
3, 11, 17
Suppose -12*k + 27 + 9 = 0. Suppose 2*q = -k*t + 179, 2*q + 3*q = 5*t + 435. Let w = q + -85. List the prime factors of w.
3
Let q(f) = f**3 - 3*f**2 - 19*f + 12. Let a be q(7). Let g(l) = -l**2 - l + 8. Let n be g(-7). Let y = a + n. List the prime factors of y.
41
Suppose -s + m + 2 = 0, -s + 2*s - 3*m - 10 = 0. List the prime factors of 94*(s/3 + (-129)/(-18)).
13, 47
Let j be (1 + 809)*3/2. Suppose 9*b = 4*b + j. List the prime factors of b/4 + (-23)/(-92).
61
Suppose 83*m - 838458 - 919199 = -584037. What are the prime factors of m?
2, 5, 7, 101
Suppose s = h - 156, 3*s - 5*s - 2*h = 312. What are the prime factors of (-128271)/s - (-6)/8?
823
Let f be 51/85 - (-21024)/10. Suppose -3*i + 4*h + 606 + 1502 = 0, -3*h - f = -3*i. What are the prime factors of i?
2, 3, 29
Let c(r) = -21201*r + 16. List the prime factors of c(-2).
2, 127, 167
Let c(l) = -l**3 - 17*l**2 - l - 15. Let j be c(-17). Suppose -4*m + 452 = 5*b - j*b, -5*b - 3*m = -735. Let x = -66 + b. List the prime factors of x.
2, 3, 13
Let z(m) = 23*m. Let g be z(-1). Let x = g - -367. List the prime factors of x.
2, 43
Let t(k) = -7*k**2 - 5*k + 14. Let h(a) = 6*a**2 + 4*a - 13. Let u(w) = 6*h(w) + 5*t(w). Let f be u(-3). List the prime factors of 0 - (-113 + 2*2/f).
2, 7
List the prime factors of (-2*(-1532)/3)/(((-3193)/(-744))/103).
2, 383
Suppose -15*j + 11*j = -252. Suppose 124 = 11*s - j. What are the prime factors of s?
17
Suppose -3*p - 5*n - 1643 = 0, 0 = -11*p + 13*p - 3*n + 1070. Let u = 1480 + p. List the prime factors of u.
3, 313
Let p(k) = -3*k**2 + 228*k - 264. Let r be p(75). Let s be 1/(-2) - (-227)/(-2). Let x = r - s. List the prime factors of x.
3, 5
Let h(f) = -17*f - 172. Let n be h(-8). Let r = n - -302. List the prime factors of r.
2, 7, 19
Let u(s) be the first derivative of s**4/4 + 11*s**3/3 + 9*s**2 + 6*s + 8. Let x be u(-9). Suppose -x*c - 2*c + 472 = 0. List the prime factors of c.
59
Suppose -33*r = -15*r - 35172. What are the prime factors of r?
2, 977
Let q = -651 - -2354. Let c = q - 1199. Let j = c + -350. What are the prime factors of j?
2, 7, 11
Suppose -5*r + 40235 = -91*h + 96*h, -2*h + r + 16097 = 0. What are the prime factors of h?
2, 503
List the prime factors of 10502 - (-6*5/90)/((-1)/(-6)).
2, 13, 101
Suppose 9 - 6 = -3*g. Let m(a) = 189*a**2 + a + 1. Let b be m(g). Let o = b - 98. List the prime factors of o.
7, 13
Let j = 25 - 22. Let w(a) = -10*a + 1. Let k be w(j). Let y = k + 111. List the prime factors of y.
2, 41
Let y = 8466 + -6096. What are the prime factors of y?
2, 3, 5, 79
Suppose 5*q - 24 = 21. Let i be 2/q + (-804)/(-27). Suppose 4*y - 9 = -3*g + y, 4*y = 2*g - i. What are the prime factors of g?
7
Suppose 237*r = 295*r - 3154272. What are the prime factors of r?
2, 3, 11, 103
Suppose 18*w + 31*w = 113582. Suppose -b = 2*p - w, -4620 = -4*p - 0*p + 2*b. List the prime factors of p.
13, 89
Let o(s) = 1110*s**3 + 6*s**2 - 12*s + 12. What are the prime factors of o(2)?
2, 3, 13, 19
Let x(l) = -l - 2. Let h(j) = -42*j - 128. Let u(i) = -h(i) - 5*x(i). What are the prime factors of u(5)?
373
Let j be ((-16)/(-28) + 2)*13580/30. Let g = j - 305. List the prime factors of g.
859
Suppose 593*r - 601*r + 52088 = 0. What are the prime factors of r?
17, 383
Suppose 121658 = 32*y - 25382. What are the prime factors of y?
5, 919
Let f = -78 + 228. Let w = f + -133. Suppose w*j - 2320 = 9*j. What are the prime factors of j?
2, 5, 29
Suppose 3*o - 4 = a - 2*a, 12 = -5*a + o. Let z(l) be the first derivative of 32*l**3/3 + l**2 - 4. List the prime factors of z(a).
2, 31
Let v be ((-1)/(-12)*6)/(2/68). Suppose -4632 = -v*z - 7*z. List the prime factors of z.
193
List the prime factors of (3 - 0)*-1*1120/(-3).
2, 5, 7
Suppose -3*u = -v + 6167, -19*u + 22*u - 12298 = -2*v. List the prime factors of v.
5, 1231
Suppose -190*z + 2900370 = -20*z. List the prime factors of z.
3, 11, 47
Suppose 3*a + 4*i = 1375, -2*a + 5*i - 142 = -1097. What are the prime factors of a?
3, 5, 31
What are the prime factors of (-215)/(-258) + -1 - (289771/(-6) - 2)?
3, 17, 947
Let c(a) be the second derivative of -a**5/20 - a**4/3 + a**3/3 + 17*a**2/2 + 73*a. What are the prime factors of c(-9)?
2, 101
Let f(d) = 4*d**3 + 2*d**2 + d - 4. Let s be f(2). Let j = 51 - s. Let h(v) = -v**2 + 14*v - 8. List the prime factors of h(j).
5
Let h(r) be the third derivative of -19*r**2 + 0*r - 55/6*r**3 - 1/3*r**4 + 0. List the prime factors of h(-14).
3, 19
Let x = 274 + -151. Suppose x*j - 1368 = 120*j. List the prime factors of j.
2, 3, 19
Suppose -51*s + 43*s + 17576 = 0. Suppose 0 = 31*w - 6235 - s. What are the prime factors of w?
2, 17
Suppose 3*g - 34 = t, 3*g - 5*t - 8 - 30 = 0. Suppose g*z = 3*q + 5*z - 183, -z = 5*q - 316. List the prime factors of q.
3, 7
Suppose -167198 = -5*p + 3*d, 81411 = 3*p - 5*d - 18895. What are the prime factors of p?
2, 23, 727
Let q(o) = 6864*o - 12. Let u be q(3). Suppose 17207 = 29*j - u. What are the prime factors of j?
1303
Suppose -2*j - 12 = 2*s, 3*j + 1 = 5*s - 17. What are the prime factors of (10/j + -1)/((-10)/720)?
2, 3
Suppose -2*g + 4 = 0, 3*x - 22 = -0*g - 5*g. Let z be (18/3)/2 - 2. List the prime factors of (4/x)/(z/59).
59
Suppose 215 = -3*n + 728. Let u be 2806/138*(5 + 1). Let j = n - u. What are the prime factors of j?
7
Let r(t) = -t**2 + 17*t + 43. Let w be r(19). Suppose 829 = -w*h + 2654. What are the prime factors of h?
5, 73
Let y(z) = z**3 + 19*z**2 - 20*z - 4. Let j be y(-20). Let o(x) = -x**3 - 4*x**2 + 3*x + 4. L